b**2 - 4*b - 32. What is m(12)?
208
Let m(h) = h**3 + 10*h**2 - 178*h - 363. Determine m(-22).
-2255
Let p(n) = 37303*n + 559807. Determine p(-15).
262
Let f(u) = 263*u**2 - 143342*u + 3806. Determine f(545).
-9
Let r(n) = 979*n - 7771. Calculate r(8).
61
Let b(u) = u**3 + 137*u**2 - 8*u - 1250. Give b(-137).
-154
Let l(x) = 3065*x - 104239. Give l(34).
-29
Let x(w) = -w**2 + 2063*w + 37625. Give x(-18).
167
Let a(z) = 63*z**3 - 444*z**2 - 43*z + 190. Calculate a(7).
-258
Let y(i) = 24*i**2 - 10218*i - 172372. Give y(442).
8
Let p(v) = 21229*v - 21684. Calculate p(1).
-455
Let w(d) = -4314*d + 1035375. What is w(240)?
15
Let b(q) = 135*q - 2772. Give b(28).
1008
Let u(p) = 3*p**2 + 164*p + 351. Determine u(-57).
750
Let v(r) = 54321*r + 271849. Give v(-5).
244
Let g(b) = -22959*b**2 + 137773*b - 118. Determine g(6).
-4
Let i(o) = -6*o**2 - 1691*o - 22311. Determine i(-13).
-1342
Let f(i) = -22*i**2 - 122*i + 65. Calculate f(-9).
-619
Let a(j) = -j**3 - j**2 + 154*j - 592. Determine a(5).
28
Let n(y) = -339*y - 1505. What is n(-8)?
1207
Let i(h) = 7*h**3 + 19*h**2 - 92. Determine i(-3).
-110
Let n(k) = -k**2 + 628*k - 17871. Calculate n(30).
69
Let g(k) = -17*k**2 + 228*k + 8. Give g(14).
-132
Let t(l) = 537*l**2 + 13987*l + 647. What is t(-26)?
-3
Let h(j) = 2*j**3 + 250*j**2 - 5460*j - 89747. Determine h(-142).
-3
Let v(a) = 1111*a - 2403. What is v(2)?
-181
Let m(x) = -3490*x - 45396. Calculate m(-13).
-26
Let h(p) = 8*p - 49. Determine h(14).
63
Let o(y) = 1310*y + 17013. What is o(-13)?
-17
Let b(i) = -7079*i + 5235. Give b(1).
-1844
Let o(b) = 1152*b + 137658. Determine o(-119).
570
Let h(b) = 551992*b - 2207995. What is h(4)?
-27
Let m(w) = -w**3 + 415*w**2 + 1244*w - 44. Determine m(-3).
-14
Let u(x) = 21*x**3 - 80*x**2 - 24*x + 34. What is u(4)?
2
Let g(x) = 16*x**2 + 71*x - 667. What is g(6)?
335
Let i(n) = n**3 + 22*n**2 - 13*n - 228. Calculate i(-19).
1102
Let f(z) = 2*z**2 + 92*z + 741. Calculate f(-12).
-75
Let v(i) = -2*i**3 + 298*i**2 - 1152*i - 33. Calculate v(4).
-1
Let g(a) = -a**3 - 86*a**2 + 795*a - 360. Give g(8).
-16
Let g(l) = -l**3 + 105*l**2 + 1920*l + 1926. What is g(121)?
-10
Let g(z) = -12613*z**2 - 378389*z + 41. What is g(-30)?
11
Let y(l) = 12087*l + 52246. Give y(-5).
-8189
Let d(t) = t**3 + 11*t**2 - 48*t + 233. Determine d(5).
393
Let c(f) = -52902*f - 4126277. Determine c(-78).
79
Let q(i) = 1144*i + 20621. Calculate q(-18).
29
Let a(b) = -1606*b - 22611. What is a(-14)?
-127
Let w(i) = 6675*i - 106079. What is w(16)?
721
Let s(d) = -3*d**2 - 203*d + 920. Give s(-72).
-16
Let t(p) = 3*p**2 - 50*p + 765. Calculate t(20).
965
Let f(o) = 119*o**3 - 1843*o**2 + 1847*o - 3. Give f(1).
120
Let w(u) = -18194*u + 36383. What is w(2)?
-5
Let o(n) = n**3 + 246*n**2 + 3269*n + 317. Give o(-14).
23
Let n(c) = 10*c**2 - 332*c + 884. Determine n(29).
-334
Let s(a) = -7872*a - 180845. Give s(-23).
211
Let r(k) = 38*k**2 + 135*k - 125. What is r(1)?
48
Let v(g) = 491408*g - 4422655. Give v(9).
17
Let y(o) = 8*o**2 + 1593*o - 13047. Determine y(-207).
-6
Let v(u) = -14*u**3 - 18*u**2 + 17*u + 31. What is v(-4)?
571
Let w(n) = n**2 + 51*n - 915. Give w(-83).
1741
Let r(i) = 10854*i + 75986. Calculate r(-7).
8
Let k(l) = -l**3 - 55*l**2 + 1431*l + 84814. What is k(-48)?
-2
Let x(z) = 23190*z + 48814951. Calculate x(-2105).
1
Let q(u) = -2*u**3 + 16*u**2 - 28*u - 39. Determine q(9).
-453
Let t(q) = -q**2 + 1785*q - 95150. Determine t(55).
0
Let h(o) = -o**3 - 69*o**2 - 531*o - 84. Calculate h(-12).
-1920
Let f(o) = -2890*o + 2909. Calculate f(1).
19
Let z(c) = -c**3 + 10*c**2 + 54931*c - 549316. What is z(10)?
-6
Let i(l) = 2044836*l - 4089672. Determine i(2).
0
Let x(n) = 188*n + 7703. Determine x(-33).
1499
Let i(o) = 174305*o + 5752041. Calculate i(-33).
-24
Let m(t) = 17*t**2 - 1572*t - 5915. Determine m(96).
-155
Let b(q) = -23555*q - 71068. Calculate b(-3).
-403
Let m(t) = 928*t + 20410. Give m(-22).
-6
Let t(p) = 3*p**3 + 416*p**2 - 144*p - 792. Give t(-139).
-97
Let q(w) = -363*w - 10701. What is q(-23)?
-2352
Let p(d) = 3*d**3 - 1278*d**2 + 39976*d + 3143. What is p(392)?
7
Let p(b) = -65*b**3 - 1755*b**2 - 6*b - 111. What is p(-27)?
51
Let w(l) = -1341*l - 99250. Calculate w(-74).
-16
Let t(y) = 1397*y - 53949. Determine t(39).
534
Let w(i) = -439*i - 40126. Calculate w(-89).
-1055
Let t(g) = -25*g**2 + 2569*g - 15429. What is t(6)?
-915
Let d(r) = r**3 - 79*r**2 + 690*r - 17. What is d(10)?
-17
Let f(g) = 194*g - 13579. Determine f(69).
-193
Let w(h) = h**3 - 129*h**2 + 334*h - 26183. Give w(128).
185
Let u(c) = -2721*c + 13233. Calculate u(5).
-372
Let a(w) = w**3 + 28*w**2 + 676*w + 6830. Calculate a(-10).
1870
Let g(t) = t**3 + 36*t**2 + 59*t + 812. Calculate g(-28).
5432
Let j(x) = -6*x**3 + 134*x**2 - 234*x - 2778. Give j(19).
-4
Let u(r) = 6*r**3 - 42*r**2 + 190*r - 2756. Calculate u(9).
-74
Let o(k) = 164*k - 13216. Give o(71).
-1572
Let m(f) = 46319*f**2 + 92631*f - 6. What is m(-2)?
8
Let a(t) = -2*t**3 + 40*t**2 + 91*t - 84. Calculate a(22).
-18
Let v(z) = 74*z**2 - 369*z - 1041. What is v(-2)?
-7
Let m(d) = d**2 + 125*d - 1785. Give m(13).
9
Let h(j) = 2*j**3 - 42*j**2 - 2*j + 794. Determine h(20).
-46
Let r(f) = 8743*f - 17533. What is r(2)?
-47
Let k(u) = -3*u**2 - 4129*u + 976100. Give k(-1582).
6
Let s(f) = 19*f**3 - 137*f**2 - 526*f - 31. What is s(10)?
9
Let z(t) = -11*t**2 - 11693*t - 46588. What is z(-1059)?
8
Let z(s) = 8*s + 139. Give z(-17).
3
Let t(h) = h**3 + 494*h**2 - 4530*h - 1946. Determine t(-503).
-437
Let k(z) = z**3 + 653*z**2 - 1063*z + 161871. What is k(-655)?
86
Let h(r) = -r**3 - 74*r**2 + 451*r + 10847. Determine h(-78).
5
Let l(p) = 9*p**3 + 161*p**2 - 379*p - 9. What is l(-20)?
-29
Let z(w) = -18*w**2 + 3411*w + 1720. Determine z(190).
10
Let b(w) = 2*w**3 - 1918*w**2 + 7627*w + 12400. Determine b(955).
-15
Let x(u) = -u**3 + 727*u**2 - 125978*u + 3517. Calculate x(442).
-19
Let j(i) = i**3 + 13*i**2 - 264*i - 2141. Calculate j(-21).
-125
Let l(v) = -182*v**3 - 1281*v**2 - 84*v + 1. What is l(-7)?
246
Let z(g) = g**2 + 10767*g + 1077223. Give z(-101).
-43
Let z(b) = -47*b**2 - 3160*b - 746. Determine z(-67).
-9
Let x(b) = -33*b**2 - 293*b - 155. Give x(-8).
77
Let m(u) = 4*u**2 - 98*u - 466. Calculate m(25).
-416
Let o(g) = 5*g**3 - g**2 - 25*g + 26. Determine o(1).
5
Let o(b) = -3*b**3 + 444*b**2 + 573*b - 84183. What is o(148)?
621
Let y(f) = -3*f**3 - 7*f**2 + 50*f - 13. Determine y(6).
-613
Let h(x) = x**3 + 3*x**2 + 300*x + 1538. Determine h(-5).
-12
Let j(p) = 11083*p - 1185848. What is j(107)?
33
Let r(f) = -887*f - 6291. Determine r(-7).
-82
Let f(s) = 86*s**2 - 49*s + 413. What is f(5)?
2318
Let y(k) = 531*k + 14207. Determine y(-28).
-661
Let f(w) = 22007*w - 133070. What is f(6)?
-1028
Let q(y) = -49*y + 2568. What is q(46)?
314
Let p(x) = -4090*x + 948753. Calculate p(232).
-127
Let u(a) = 2*a**3 + 314*a**2 - 330*a - 2214. Give u(-158).
-2
Let u(o) = 20*o**3 - 72*o**2 + 743*o - 2146. Give u(3).
-25
Let d(s) = 1314*s - 1044775. Determine d(795).
-145
Let m(h) = 8*h**2 + 955*h - 8749. What is m(9)?
494
Let g(n) = -n**3 - 20*n**2 + 92*n + 978. Determine g(-6).
-78
Let c(t) = t**3 - 20*t**2 - 42*t - 22. Determine c(22).
22
Let l(w) = -w**2 - 1067*w - 48942. Calculate l(-48).
-30
Let b(u) = -6938*u + 27892. Determine b(4).
140
Let i(o) = -1321*o + 147973. Calculate i(112).
21
Let z(p) = p**3 - 134*p**2 - 13484*p - 1133. Calculate z(-67).
6
Let t(q) = 584*q - 23426. Give t(40).
-66
Let c(j) = 906*j - 310. Give c(1).
596
Let q(k) = 7427*k + 282210. Calculate q(-38).
-16
Let q(j) = -2*j**3 + 7*j**2 + 108*j + 112. What is q(-5)?
-3
Let b(v) = -v**3 + 27*v**2 + 108*v - 1972. Determine b(28).
268
Let p(g) = -17*g**3 + 219*g**2 - 1211*g + 16050. What is p(13)?
-31
Let l(y) = -y**3 + 71*y**2 + 572*y - 564. Give l(78).
1464
Let m(q) = -q**3 - 3*q**2 + 301*q - 523. Determine m(14).
359
Let q(o) = 118*o**2 + 941*o + 47. Calculate q(-8).
71
Let i(p) = p**3 + 136*p**2 + 2159*p + 4143. Determine i(-118).
13
Let l(b) = -b**2 + 86*b + 9684. Give l(150).
84
Let y(g) = -9508*g - 9038. Give y(-1).
470
Let m(f) = -2*f**3 + 338*f**2 - 411*f + 11833. Give m(168).
-767
Let t(q) = 32044*q - 131. What is t(0)?
-131
Let n(p) = 903*p**2 + 3*p - 6. Give n(1).
900
Let g(w) = 393*w + 231. Calculat